4*m, t*m = 3*m + 3*x + 11. What are the prime factors of m?
5
Let r = -33 + 37. Suppose -4*h = -2*j + 126, 0*j + 192 = 4*j + r*h. What are the prime factors of j?
53
Let o(f) = -6 - f + 8 - 4. Let t be o(-11). Suppose 0 = -t*s + 6*s + 198. What are the prime factors of s?
2, 3, 11
Let w(s) = s**3 - 3*s**2 - 7*s. Let h(g) = g**2 - 4*g - 3. Let o be h(5). Suppose -4*z + 2*t + o*t + 24 = 0, 22 = 5*z + 3*t. List the prime factors of w(z).
3, 5
List the prime factors of 14998/7 + (-50)/(-35).
2, 67
List the prime factors of (-3565)/(-15) + (16/(-6))/4.
3, 79
Let i(y) = 8*y + 10*y - 14*y + 0*y - 35. List the prime factors of i(20).
3, 5
Let g = -157 + 442. List the prime factors of g.
3, 5, 19
Let z(d) = 133*d - 12. Let w be z(1). Suppose 0 = -5*t + 229 + w. List the prime factors of t.
2, 5, 7
Let v = -18 + 10. Let d = 180 + v. What are the prime factors of d?
2, 43
Suppose 3*q + 15 = -0*q + 3*v, 13 = -5*q - v. Suppose 14 + 52 = -3*d. Let m = q - d. List the prime factors of m.
19
Let a(i) = 5*i**3 - 5*i**2 + 4*i + 1. Let c be (1 + 3/6)*(-2)/(-1). What are the prime factors of a(c)?
103
Let f(c) = -151*c + 411. List the prime factors of f(-16).
11, 257
Let g(l) = -l + 2. Let o be g(3). Suppose 2*q + 5 = -f, -q - 25 = 8*f - 3*f. What are the prime factors of ((-10)/o)/(f/(-5))?
2, 5
Let h be 7 - 4 - (0 - -1). Let l be 96/4*(0 - 1/1). Let j = h - l. What are the prime factors of j?
2, 13
Suppose 2*h - 5*q + 3*q - 6376 = 0, 6400 = 2*h + 4*q. What are the prime factors of h?
2, 3, 7, 19
Let b(m) = 4*m + 6. Let y be b(-3). What are the prime factors of 1 + 3 - 390/y?
3, 23
Let s be (698*(-1)/(-2))/((-1)/(-1)). Suppose -6*k + s = -101. List the prime factors of k.
3, 5
Suppose -118*c = -114*c - 640. List the prime factors of c.
2, 5
Suppose 12 = 4*z - z - 3*g, 2*z + 5*g = 8. Suppose 5*u = 2*o + 63, 3*u - z*o - 25 - 10 = 0. List the prime factors of u.
13
Let k = 2247 - 1217. List the prime factors of k.
2, 5, 103
Let h(m) = m + 17. Let b(t) = t - 26. Let g be b(11). Let y be h(g). Suppose -y*d = -6*d + 148. What are the prime factors of d?
37
What are the prime factors of (-1828)/(-4) - 7/(-1)?
2, 29
Suppose -2*y + 6*y + 46 = 5*i, 5*y + 3*i = -76. Let g = -9 - y. What are the prime factors of (g - 2) + (-1 - 0)?
2
Let k = -154 - -258. What are the prime factors of k?
2, 13
Suppose 6*g = 5*g + 449. Suppose 3*j + g = 4*y, -5*y + 4*y = -5*j - 108. List the prime factors of y.
113
Suppose -4*r + 2*a = 12, -3*a = 4*r + 2*a + 26. What are the prime factors of ((-2)/r)/(1/324)?
2, 3
Let m = -88 - -165. Suppose -4*p = -7 - m. List the prime factors of p.
3, 7
Let z = 9 - 5. Suppose -3*c - z*r - 1378 = -8*c, 0 = -c + 4*r + 266. List the prime factors of c.
2, 139
Suppose -13 = -2*c + 5. Suppose c*x - 952 = 641. What are the prime factors of x?
3, 59
Let u = -1715 + 3211. What are the prime factors of u?
2, 11, 17
Suppose 9*f = 6*f + 99. List the prime factors of f.
3, 11
Suppose u = 5*x - 13, -4*x = -5*u - 4 + 2. Suppose 0 = v + u*v - 156. Suppose 3*p - v = p. What are the prime factors of p?
2, 13
Suppose 4*g = g - f - 12, -3*g - 5*f = 12. Let s be (-16)/10 + g/10. What are the prime factors of (42/15)/(s/(-20))?
2, 7
Let a = -973 + 1705. Suppose -l - a = -7*l. List the prime factors of l.
2, 61
Suppose 200*w = 195*w - 15, -3*w + 7503 = 2*z. List the prime factors of z.
2, 3, 313
Let q(o) be the second derivative of o**4/12 - 3*o**3/2 + 4*o**2 + 7*o. List the prime factors of q(9).
2
What are the prime factors of ((-151)/(-3))/(14/42)?
151
Let a(t) be the third derivative of 1/6*t**3 + 0 + 1/6*t**5 + 1/12*t**4 + 5*t**2 + 0*t. List the prime factors of a(2).
3, 5
Let c(u) = 2*u**2 + 4*u - 1. Let d be c(-3). Let k(p) = -p + 8. Let m be k(d). Suppose -39 = -0*l - m*l. List the prime factors of l.
13
What are the prime factors of (220/209)/(-10) + (-23678)/(-38)?
7, 89
Suppose 7*m - 2 - 12 = 0. Suppose c = h - m*h + 167, -4*c - 3*h = -672. What are the prime factors of c?
3, 19
Let a be 4/14 - (-1707)/(-21). Let f be (-3546)/a + 2/9. Let c = f - -8. What are the prime factors of c?
2, 13
What are the prime factors of (-2634)/(-12)*(-4)/(1 - 3)?
439
Let f be 5 + 8/(-6) - 2/3. Suppose -a + 57 = -2*c, 0 = 3*a + a + f*c - 250. What are the prime factors of a?
61
Suppose 136*z = 86*z + 11500. What are the prime factors of z?
2, 5, 23
Suppose -x + 12 = -4*x, -2*q + 134 = -4*x. Let w = q - 25. List the prime factors of w.
2, 17
Let l(h) = h**2 - 12*h - 59. List the prime factors of l(44).
19, 71
Let o(h) = -435*h**2 + 3*h + 3. Let g be o(-1). List the prime factors of (g/(-1))/(3/2).
2, 5, 29
Let l(z) = 3*z - z + 3 + 5 + 1. Suppose -24 = -4*u + 3*d, -2*d = -5*u - 3*d + 30. What are the prime factors of l(u)?
3, 7
Let m = -463 - -510. List the prime factors of m.
47
Suppose 0 = 3*h - 5*h + 3*y - 3, -h - y = 14. Let r(w) be the second derivative of w**4/12 + 7*w**3/6 + 2*w**2 + 36*w. List the prime factors of r(h).
2, 11
Suppose 215 - 2075 = -20*o. What are the prime factors of o?
3, 31
Let f be (-4)/(16/(-92)) - 3. Let t = 4 - -3. Suppose -t*o = -2*o - f. List the prime factors of o.
2
Suppose 3*f - 23424 = -5*b, -10*b = -7*b - 4*f - 14066. What are the prime factors of b?
2, 3, 11, 71
Let g = 58 + -53. Suppose 356 + 634 = g*l. List the prime factors of l.
2, 3, 11
Let b(m) = -m**2 - 74*m - 236. List the prime factors of b(-58).
2, 173
Let d(s) = 0 - 13 - 8*s + 6*s + 6*s**2. What are the prime factors of d(4)?
3, 5
Suppose -4*n - 263 = -p - 644, 4*p = -4. What are the prime factors of n?
5, 19
Suppose 2 - 1 = -k. Let q be 4*-1 - (2 + k). List the prime factors of 1*(46 - (q - -2)).
7
Let b(z) be the second derivative of 67*z**3/6 - 20*z**2 - 27*z. What are the prime factors of b(4)?
2, 3, 19
Let m(w) = -w - 2. Let i(s) = s - 6. Let q be i(11). Let c = 0 - q. What are the prime factors of m(c)?
3
Suppose -15*t - 6*t + 20853 = 0. List the prime factors of t.
3, 331
Let c = 2543 + -1607. What are the prime factors of c?
2, 3, 13
Suppose 0 = -5*f - 345 - 105. Let h = -33 - f. List the prime factors of h.
3, 19
Let k = 10 - 9. Suppose p - 4 = -p, 3*u - 4*p - k = 0. Suppose 5*d = -4*w + 20, -3 = -u*w - 5*d + 7. List the prime factors of w.
2, 5
Suppose 18*n - 11*n - 6804 = 0. List the prime factors of n.
2, 3
Let d = -45 - -48. Suppose -78 = -d*n + 3*z, z + 87 = 2*n + 6*z. What are the prime factors of n?
31
Suppose 12 = 3*o + b, 5*o + 3*b - 16 = -0*o. Suppose -2*v = h + 2*v - o, -4*h - 4*v + 56 = 0. Let f = 22 - h. What are the prime factors of f?
5
Suppose -4 = -2*k - 10, -2*v + 4 = -4*k. Let w(b) = -6 - 2*b + 3*b**2 - b**3 - 4*b - 6*b**2. List the prime factors of w(v).
2, 17
Suppose 361 = 2*r - 7. Suppose 2*a = -2*a + 20. Suppose -a*w = -w - r. What are the prime factors of w?
2, 23
Let r(p) = p**3 - 7*p**2 + 26*p - 270. List the prime factors of r(15).
2, 3, 5
Suppose -54878 = -30*y + 6862. List the prime factors of y.
2, 3, 7
Suppose 2*x = 6 + 4. Let l(r) = -8*r + 2*r + 7*r - x. List the prime factors of l(8).
3
What are the prime factors of -1*(-2)/10 + 54602/115?
5, 19
List the prime factors of (-137 + -8)/(15/(-6)).
2, 29
Let h(w) = 9*w + 2. Let p(s) = -1. Let d(z) = h(z) - 6*p(z). Suppose 17 = 4*u + 1. List the prime factors of d(u).
2, 11
Suppose 0 = 7*w - 961 + 23. Suppose 2*o - w = -0*o. What are the prime factors of o?
67
Suppose 4*s - 4*r = -s + 15, 2*s + 3*r - 6 = 0. Suppose -d + 249 = 4*p, -s*p - 4*d + 0*d = -203. What are the prime factors of p?
61
Let q = -31 - -153. List the prime factors of q.
2, 61
Suppose 0 = -4*y + 819 + 545. What are the prime factors of y?
11, 31
Let d(k) = -k + 16. Let h be d(12). Let i be (3/2)/(2/h). Suppose i*o + s = 104, 5*s = 2*o + 11 - 69. What are the prime factors of o?
2, 17
Suppose 0*p = -3*p - 4*u - 410, -5*p - 718 = -2*u. What are the prime factors of 1/4 + p/(-8)?
2, 3
Suppose 3*n - 31 = 35. Let k = n - -18. Suppose 0 = -i - 4*y + 20, i + 3*i - 4*y = k. List the prime factors of i.
2, 3
Let d = -162 - -2523. List the prime factors of d.
3, 787
What are the prime factors of (-17)/(-68) + 10150/8?
3, 47
Let m = -28 - -34. Let p(i) = i**3 - 4*i**2 - 7*i + 5. List the prime factors of p(m).
5, 7
Suppose 2*j = 8 - 2, -2*f + 3*j + 21 = 0. What are the prime factors of 2974/30 + (-17)/f + 1?
3, 11
Let t(y) = -7*y**2 + 111*y. 